is -3 + 75?
72
In base 14, what is -6 - -381?
379
In base 12, what is 0 - -29?
29
In base 11, what is -1 + 49?
48
In base 11, what is -40 + -65?
-a5
In base 10, what is 158 + -1?
157
In base 15, what is -1 + a74?
a73
In base 9, what is -1 - 707?
-708
In base 8, what is 20 + -446?
-426
In base 10, what is 3 - 2281?
-2278
In base 7, what is 16 - -1?
20
In base 7, what is -23206 + 0?
-23206
In base 15, what is a3 - 7?
9b
In base 13, what is 5 - -30b?
313
In base 2, what is 10 + -111100?
-111010
In base 5, what is 33324 - 1?
33323
In base 15, what is 191 - 3?
18d
In base 12, what is -1479 + -1?
-147a
In base 10, what is 160 + 3?
163
In base 9, what is -23 - -3?
-20
In base 14, what is -4 - 470?
-474
In base 11, what is -152 - -9?
-144
In base 9, what is 53 - 21?
32
In base 12, what is 3 + -319?
-316
In base 16, what is ba + -3?
b7
In base 14, what is 11 + -2a?
-19
In base 12, what is -ab - 4?
-b3
In base 13, what is -299c + 4?
-2998
In base 6, what is -2234 + 12?
-2222
In base 6, what is -34212 - 5?
-34221
In base 12, what is 2 + -51?
-4b
In base 3, what is 111 + -1211?
-1100
In base 12, what is 144 + -5b?
a5
In base 4, what is 0 + 1231002?
1231002
In base 8, what is -14 - 43?
-57
In base 2, what is -1110 + -100?
-10010
In base 3, what is 1020 + -1001?
12
In base 14, what is -8 - 3?
-b
In base 3, what is 1 - 100000?
-22222
In base 6, what is -11114 - -2?
-11112
In base 13, what is -b1 + 3?
-ab
In base 14, what is -4 + c9b?
c97
In base 7, what is 4 + 534?
541
In base 8, what is 13 + -1?
12
In base 8, what is 671 - -14?
705
In base 15, what is ac5e - -1?
ac60
In base 9, what is 1 - -64?
65
In base 13, what is 1a + 6?
23
In base 10, what is -56 + 3?
-53
In base 12, what is -95 - 3?
-98
In base 16, what is 897 + -4?
893
In base 13, what is -2 + 876?
874
In base 12, what is -21 - 9b?
-100
In base 3, what is -1201 - -101?
-1100
In base 10, what is 3 + -129?
-126
In base 11, what is -27 + 6?
-21
In base 8, what is 73 - 5?
66
In base 11, what is 2 + 3471?
3473
In base 4, what is -3 - 110?
-113
In base 11, what is -1006 - 0?
-1006
In base 13, what is 103 - -9?
10c
In base 4, what is 1210 - 3?
1201
In base 16, what is -1d - -38?
1b
In base 2, what is 101 - 1001000?
-1000011
In base 5, what is 0 + -340?
-340
In base 16, what is 4 - 2dd?
-2d9
In base 14, what is -7 - -9?
2
In base 4, what is 20202 - -2?
20210
In base 6, what is 5411 + 0?
5411
In base 12, what is 46 + -4a9?
-463
In base 4, what is -330 - 10?
-1000
In base 11, what is 46 + -200?
-165
In base 8, what is -136 + 6?
-130
In base 9, what is 7 - -276?
284
In base 14, what is -2b - 29?
-56
In base 4, what is -1021 + 111?
-310
In base 3, what is -2100012 + -12?
-2100101
In base 10, what is -5 + -30?
-35
In base 11, what is -65 + -3?
-68
In base 11, what is 3 - -182a?
1832
In base 3, what is 12 - 120?
-101
In base 15, what is 5 + -776?
-771
In base 5, what is -22123 + 3?
-22120
In base 5, what is 312 + 20?
332
In base 13, what is -48 + 1a?
-2b
In base 13, what is -3 - 136?
-139
In base 3, what is 1120 + 201220?
210110
In base 12, what is 23 + 5?
28
In base 16, what is 3b - -4?
3f
In base 4, what is 1001 + -11?
330
In base 12, what is -69 + 4?
-65
In base 3, what is 0 + 12120?
12120
In base 9, what is -801 - 53?
-854
In base 12, what is 121 - -5?
126
In base 4, what is -221203 - -10?
-221133
In base 3, what is -1012021 - 0?
-1012021
In base 15, what is -3b + -6?
-42
In base 4, what is 113 - 2310?
-2131
In base 14, what is 13 - b?
6
In base 8, what is 5 - -3077?
3104
In base 6, what is -2 - -213?
211
In base 16, what is -2 - 3b?
-3d
In base 8, what is 277 - -32?
331
In base 7, what is -5 + -213?
-221
In base 5, what is -10 + -202?
-212
In base 12, what is 12 + b51?
b63
In base 15, what is e0 + -7?
d8
In base 8, what is 0 - 232?
-232
In base 16, what is 5 + 3cd?
3d2
In base 8, what is 313 + -3?
310
In base 16, what is 7 - -6a?
71
In base 16, what is 68d + -8?
685
In base 14, what is 33 + 42?
75
In base 16, what is -ece + 4?
-eca
In base 6, what is 4150 + -5?
4141
In base 5, what is 2343 + -14?
2324
In base 13, what is 44 + -52?
-b
In base 10, what is -5 + 15?
10
In base 2, what is -10 + 11011?
11001
In base 8, what is -524 + 53?
-451
In base 3, what is 11201 + 2201?
21102
In base 8, what is -107 - 3?
-112
In base 13, what is 12 - 18?
-6
In base 10, what is -5 + 65?
60
In base 5, what is 2411 + 20?
2431
In base 16, what is 33 - 7?
2c
In base 10, what is -1554 + -4?
-1558
In base 6, what is 2 + -430?
-424
In base 3, what is 111222121 - -1?
111222122
In base 3, what is 101 - -2010?
2111
In base 9, what is 2 + 7?
10
In base 10, what is 3 + 5?
8
In base 12, what is 14 + 3?
17
In base 3, what is 202020 + -212?
201101
In base 5, what is -1313 - 2?
-1320
In base 2, what is -100101000111 + -11?
-100101001010
In base 8, what is 26 + 247?
275
In base 8, what is 3247 - 1?
3246
In base 6, what is -1114 - 2?
-1120
In base 5, what is 10 - 1010?
-1000
In base 8, what is -16 - -67?
51
In base 15, what is -136 + 0?
-136
In base 5, what is 4 - -13104?
13113
In base 15, what is 955 + -5?
950
In base 8, what is -2 + -64?
-66
In base 3, what is 2 - 12210?
-12201
In base 3, what is 1 - 2211000?
-2210222
In base 15, what is -20 + 78?
58
In base 3, what is 12 - 221122?
-221110
In base 2, what is -1011 + 0?
-1011
In base 12, what is -16 + 22?
8
In base 6, what is -3 + -1022?
-1025
In base 16, what is 1 + -5a?
-59
In base 11, what is 77 + -13?
64
In base 14, what is -2 + -54?
-56
In base 9, what is 4 + -86?
-82
In base 9, what is 11 - 7?
3
In base 13, what is 1 + 0?
1
In base 7, what is -314 + -23?
-340
In base 7, what is -10616 + 3?
-10613
In base 12, what is a3 + 1?
a4
In base 5, what is -203312 + -10?
-203322
In base 8, what is -116 - 0?
-116
In base 14, what is -9c - 5?
-a3
In base 2, what is 1 + -1001010?
-1001001
In base 2, what is 10 + 100010100?
100010110
In base 9, what is -24 + 6?
-17
In base 10, what is -15 - -113?
98
In base 2, what is 100010 + -10011?
1111
In base 9, what is 2 - -240?
242
In base 16, what is fd + -5?
f8
In base 8, what is -24 - -1?
-23
In base 8, what is -1 - 55?
-56
In base 8, what is -3 - 45?
-50
In base 14, what is 4 + -1c73?
-1c6d
In base 3, what is 2220110 + 1?
2220111
In base 2, what is 1010 - -1?
1011
In base 4, what is 0 + 200?
200
In base 14, what is -1 - -47?
46
In base 11, what is 17 - 5?
12
In base 12, what is 177 - 0?
177
In base 5, what is 110 - -4?
114
In base 12, what is 3b6 - 0?
3b6
In base 14, what is -4 + -40?
-44
In base 8, what is 1 + 2336?
2337
In base 13, what is 91 - 3?
8b
In base 12, what is -59 + -4?
-61
In base 10, what is -62 + -26?
-88
In base 7, what is -4 - 4253?
-4260
In base 3, what is -102100 + -12?
-102112
In base 14, what is 5 - -36?
3b
In base 7, what is 20 + -6?
11
In base 10, what is 13738 - -4?
13742
In base 6, what is 1 - 2231?
-2230
In base 5, what is 333 + -34?
244
In base 12, what is b - a5?
-96
In base 4, what is -3 + 1322?
1313
In base 12, what is 75 + 5?
7a
In base 14, what is -5 + 1?
-4
In base 6, what is -430 + 4?
-422
In base 14, what is 11d + 4?
123
In base 8, what is -2 - 261?
-263
In base 11, what is 5813 - -3?
5816
In base 8, what is -31 + 14?
-15
In base 7, what is 4500 - 0?
4500
In base 15, what is ad + 1?
ae
In base 14, what is 1d + -3?
1a
In base 15, what is 49 - 4?
45
In base 12, what is -1 + -3?
-4
In base 9, what is 12 - 4?
7
In base 11, what is -95 + 5?
-90
In base 12, what is 2 - 39?
-37
In base 11, what is 38 + -21?
17
In base 13, what is -10 + 175?
165
In base 8, what is 1140 - 5?
1133
In base 10, what is -9 + 458?
449
In base 11, what is 2 + -126?
-124
In base 5, what is -1403 + 232?
-1121
In base 5, what is 14 + 1112?
1131
In base 16, what is 15 - -51?
66
In base 8, what is 1 + 131?
132
In base 4, what is -2 - 320313?
-320321
In base 7, what is -201 - -11?
-160
In base 11, what is 43 + -a?
34
In base 10, what is -1 + -1716?
-1717
In base 8, what is -21 - -6?
-13
In base 3, what is -2200 - 1022?
-10222
In base 11, what is 1 + -a50?
-a4a
In base 16, what is 484 - -2?
486
In base 14, what is -10 - 49b?
-4ab
In base 14, what is -50bd - -4?
-50b9
In base 10, what is 315 - -1?
316
In base 2, what is -10 - -100011100?
100011010
In base 5, what is -1210 + -2?
-1212
In base 7, what is 5 - 1533?
-1525
In base 13, what is -4 + 15?
11
In base 7